{"id":229,"date":"2023-02-05T12:21:31","date_gmt":"2023-02-05T11:21:31","guid":{"rendered":"http:\/\/parafiadebe.com.pl\/?page_id=229"},"modified":"2023-02-05T12:21:32","modified_gmt":"2023-02-05T11:21:32","slug":"akty-strzeliste","status":"publish","type":"page","link":"https:\/\/parafiadebe.com.pl\/?page_id=229","title":{"rendered":"Akty Strzeliste"},"content":{"rendered":"\n<p class=\"has-medium-font-size\"><strong>AKTY STRZELISTE<br>Maryjo D\u0119bska, Niepokalana Matko Jezusa, we\u017a mnie w opiek\u0119 i wyprowad\u017a na drog\u0119, kt\u00f3ra przeznaczy\u0142 dla mnie B\u00f3g. Matko lito\u015bci, m\u00f3dl si\u0119 za nami.<br>O Pani Moja! Matko Jezusa w wizerunku D\u0119bskim, prosz\u0119 Ci\u0119 naucz mnie dzieci\u0119cej<br>ufno\u015bci w Bogu.<br>Matko Nasza D\u0119bska, spiesz\u0105ca z pomoc\u0105 wzywaj\u0105cym Ciebie, bro\u0144 mnie od<br>nieprzyjaciela, wypraszaj mi si\u0142y, bym ze spokojem przyjmowa\u0142(a) to, co przynosi dzie\u0144, a w godzinie \u015bmierci prowad\u017a mnie do Ojca Mi\u0142osiernego.<\/strong><\/p>\n","protected":false},"excerpt":{"rendered":"<p>AKTY STRZELISTEMaryjo D\u0119bska, Niepokalana Matko Jezusa, we\u017a mnie w opiek\u0119 i wyprowad\u017a na drog\u0119, kt\u00f3ra przeznaczy\u0142 dla mnie B\u00f3g. Matko lito\u015bci, m\u00f3dl si\u0119 za nami.O Pani Moja! Matko Jezusa w wizerunku D\u0119bskim, prosz\u0119 Ci\u0119 naucz mnie dzieci\u0119cejufno\u015bci w Bogu.Matko Nasza D\u0119bska, spiesz\u0105ca z pomoc\u0105 wzywaj\u0105cym Ciebie, bro\u0144 mnie odnieprzyjaciela, wypraszaj mi si\u0142y, bym ze spokojem &#8230; <span class=\"more\"><a class=\"more-link\" href=\"https:\/\/parafiadebe.com.pl\/?page_id=229\">[Read more&#8230;]<\/a><\/span><\/p>\n","protected":false},"author":1,"featured_media":0,"parent":0,"menu_order":0,"comment_status":"closed","ping_status":"closed","template":"","meta":{"footnotes":""},"class_list":["entry","page","publish","author-admin","post-229"],"_links":{"self":[{"href":"https:\/\/parafiadebe.com.pl\/index.php?rest_route=\/wp\/v2\/pages\/229","targetHints":{"allow":["GET"]}}],"collection":[{"href":"https:\/\/parafiadebe.com.pl\/index.php?rest_route=\/wp\/v2\/pages"}],"about":[{"href":"https:\/\/parafiadebe.com.pl\/index.php?rest_route=\/wp\/v2\/types\/page"}],"author":[{"embeddable":true,"href":"https:\/\/parafiadebe.com.pl\/index.php?rest_route=\/wp\/v2\/users\/1"}],"replies":[{"embeddable":true,"href":"https:\/\/parafiadebe.com.pl\/index.php?rest_route=%2Fwp%2Fv2%2Fcomments&post=229"}],"version-history":[{"count":1,"href":"https:\/\/parafiadebe.com.pl\/index.php?rest_route=\/wp\/v2\/pages\/229\/revisions"}],"predecessor-version":[{"id":230,"href":"https:\/\/parafiadebe.com.pl\/index.php?rest_route=\/wp\/v2\/pages\/229\/revisions\/230"}],"wp:attachment":[{"href":"https:\/\/parafiadebe.com.pl\/index.php?rest_route=%2Fwp%2Fv2%2Fmedia&parent=229"}],"curies":[{"name":"wp","href":"https:\/\/api.w.org\/{rel}","templated":true}]}}