{"id":224,"date":"2023-02-05T12:16:27","date_gmt":"2023-02-05T11:16:27","guid":{"rendered":"http:\/\/parafiadebe.com.pl\/?page_id=224"},"modified":"2023-02-05T12:20:05","modified_gmt":"2023-02-05T11:20:05","slug":"nowenna","status":"publish","type":"page","link":"https:\/\/parafiadebe.com.pl\/?page_id=224","title":{"rendered":"Nowenna do Matki Bo\u017cej D\u0119bskiej"},"content":{"rendered":"\n<p class=\"has-medium-font-size\"><strong>NOWENNA DO MATKI BO\u017bEJ D\u0118BSKIEJ<\/strong> <strong>\u2013 WYCHOWACZYNI I OPIEKUNKI                                          (\u015broda, godz. 18.00).<\/strong><\/p>\n\n\n\n<p class=\"has-medium-font-size\"><strong>Pie\u015b\u0144 na wystawienie Naj\u015bwi\u0119tszego Sakramentu<\/strong><\/p>\n\n\n\n<p class=\"has-medium-font-size\"><strong>Wprowadzenie (Kap\u0142an).<\/strong> Wszechmog\u0105cy i mi\u0142osierny Bo\u017ce! Dzi\u0119ki Ci sk\u0142adamy, \u017ce da\u0142e\u015b nam w Naj\u0142askawszej i Najlito\u015bciwszej Matce przedziwn\u0105 moc i obron\u0119, a Jej znak w Cudownym Obrazie D\u0119bskim ws\u0142awi\u0142e\u015b wielowiekow\u0105 czci\u0105 wiernych. Spraw \u0142askawie, by\u015bmy poddaj\u0105c si\u0119 woli Twojej, pod Jej opiek\u0105 szli przez \u017cycie, a w chwili \u015bmierci byli gotowi na spotkanie z Tob\u0105, naszym Ojcem. Amen.<\/p>\n\n\n\n<p class=\"has-medium-font-size\"><strong>Pie\u015b\u0144 Maryjna<\/strong><\/p>\n\n\n\n<p class=\"has-medium-font-size\"><strong>Kap\u0142an.<\/strong> O Maryjo us\u0142ysz b\u0142agania nasze. Matko Lito\u015bciwa &#8211; Pani nasza D\u0119bska! Wyjednaj u mi\u0142osiernego Serca Jezusowego \u0142aski, o kt\u00f3rej w tej Nowennie pokornie prosimy.<\/p>\n\n\n\n<p class=\"has-medium-font-size\">Pro\u015bby z kartek<\/p>\n\n\n\n<p class=\"has-medium-font-size\"><strong><u>Wezwania (wierni):<\/u><\/strong><\/p>\n\n\n\n<p class=\"has-medium-font-size\">&#8211; D\u0119bska Madonno ze szczyg\u0142em, m\u00f3dl si\u0119 za nami!<\/p>\n\n\n\n<p class=\"has-medium-font-size\">&#8211; Dziewicza Ma\u0142\u017conko \u015awi\u0119tego J\u00f3zefa, m\u00f3dl si\u0119 za nami!<\/p>\n\n\n\n<p class=\"has-medium-font-size\">&#8211; Wychowawczyni i Opiekunko, m\u00f3dl si\u0119 za nami!<\/p>\n\n\n\n<p class=\"has-medium-font-size\">&#8211; Jutrzenko ja\u015bniej\u0105ca na drogach naszego \u017cycia, m\u00f3dl si\u0119 za nami!<\/p>\n\n\n\n<p class=\"has-medium-font-size\">&#8211; Najdobrotliwsza Matko, Kr\u00f3lowo Nieba i Ziemi, m\u00f3dl si\u0119 za nami!<\/p>\n\n\n\n<p class=\"has-medium-font-size\">&#8211; Pokorna S\u0142u\u017cebnico Pa\u0144ska, m\u00f3dl si\u0119 za nami!<\/p>\n\n\n\n<p class=\"has-medium-font-size\">&#8211; Od tylu wiek\u00f3w spogl\u0105daj\u0105ca w D\u0119bskim wizerunku na swoje dzieci, m\u00f3dl si\u0119 za nami!<\/p>\n\n\n\n<p class=\"has-medium-font-size\">&#8211; Patronko pielgrzym\u00f3w i turyst\u00f3w, m\u00f3dl si\u0119 za nami!<\/p>\n\n\n\n<p class=\"has-medium-font-size\"><strong>Wprowadzenie do podzi\u0119kowa\u0144. (Kap\u0142an).<\/strong> Maryjo by\u0142a\u015b i jeste\u015b Pocieszycielk\u0105 dla tych, kt\u00f3rzy w tej \u015bwi\u0105tyni d\u0119bskiej od blisko 600 lat si\u0119 do Ciebie uciekaj\u0105. Wdzi\u0119czni za Twoj\u0105 niezmierzon\u0105 dobro\u0107, kt\u00f3rej doznawa\u0142y i doznaj\u0105 pielgrzymi, kt\u00f3rzy przybywaj\u0105 do tego Sanktuarium, pragniemy Ci Matko za wszelkie dobro podzi\u0119kowa\u0107.<\/p>\n\n\n\n<p class=\"has-medium-font-size\"><strong><u>Wezwania (wierni).<\/u><\/strong><\/p>\n\n\n\n<p class=\"has-medium-font-size\">&#8211; za Twoj\u0105 obecno\u015b\u0107 i serce otwarte na potrzeby ludzi, dzi\u0119kujemy Ci Maryjo!<\/p>\n\n\n\n<p class=\"has-medium-font-size\">&#8211; za to, \u017ce ju\u017c prawie 600 lat jeste\u015b z nami, dzi\u0119kujemy Ci Maryjo!<\/p>\n\n\n\n<p class=\"has-medium-font-size\">&#8211; za niezliczone \u0142aski, jakie w tym miejscu ludzie wypraszaj\u0105, dzi\u0119kujemy Ci Maryjo!<\/p>\n\n\n\n<p class=\"has-medium-font-size\">&#8211; za Twoj\u0105 pomoc i pocieszenie w r\u00f3\u017cnych nieszcz\u0119\u015bciach, dzi\u0119kujemy Ci Maryjo!<\/p>\n\n\n\n<p class=\"has-medium-font-size\">&#8211; za liczne nawr\u00f3cenia si\u0119 do Boga, dzi\u0119kujemy Ci Maryjo!<\/p>\n\n\n\n<p class=\"has-medium-font-size\">&#8211; za umacnianie wiary, nadziei i mi\u0142o\u015bci, dzi\u0119kujemy Ci Maryjo!<\/p>\n\n\n\n<p class=\"has-medium-font-size\">&#8211; za peregrynacj\u0119 Kopii Twojego Cudownego Wizerunku, dzi\u0119kujemy Ci Maryjo!<\/p>\n\n\n\n<p class=\"has-medium-font-size\"><strong>Wprowadzenie do przeprosin. (Kap\u0142an).<\/strong> Mi\u0142osierna Matko Bo\u017ca, stajemy przed Tob\u0105 \u015bwiadomi w\u0142asnej grzeszno\u015bci. Szczygie\u0142 znajduj\u0105cy si\u0119 na Twoim Cudownym wizerunku, nieustannie przypomina nam o okrutnej M\u0119ce i \u015amierci naszego<\/p>\n\n\n\n<p class=\"has-medium-font-size\">Zbawiciela. Przepe\u0142nieni szczerym \u017calem i postanowieniem zmiany naszego \u017cycia, pragniemy przeprosi\u0107 Boga i Ciebie, za wszelkie grzechy, s\u0142abo\u015bci i upadki.<\/p>\n\n\n\n<p class=\"has-medium-font-size\"><strong><u>Wezwania (wierni).<\/u><\/strong><\/p>\n\n\n\n<p class=\"has-medium-font-size\">&#8211; za nasze zaniedbania w wierze i oboj\u0119tno\u015b\u0107 religijn\u0105, przepraszamy Ci\u0119 Maryjo!<\/p>\n\n\n\n<p class=\"has-medium-font-size\">&#8211; za niedocenianie sakramentu pokuty i Eucharystii, przepraszamy Ci\u0119 Maryjo!<\/p>\n\n\n\n<p class=\"has-medium-font-size\">&#8211; za grzechy pope\u0142nione przeciwko \u017cyciu, przepraszamy Ci\u0119 Maryjo!<\/p>\n\n\n\n<p class=\"has-medium-font-size\">&#8211; za niezgod\u0119 w rodzinach, przepraszamy Ci\u0119 Maryjo!<\/p>\n\n\n\n<p class=\"has-medium-font-size\">&#8211; za niespe\u0142nianie wobec bli\u017anich dzie\u0142 mi\u0142o\u015bci i mi\u0142osierdzia, przepraszamy Ci\u0119 Maryjo!<\/p>\n\n\n\n<p class=\"has-medium-font-size\"><strong>Wprowadzenie do b\u0142aga\u0144. (Kap\u0142an). <\/strong>Matko Lito\u015bciwa, kt\u00f3ra otaczasz opiek\u0105 Dzieci\u0105tko Jezus, przez Tw\u0105 obecno\u015b\u0107 w tym Cudownym Obrazie D\u0119bskim, przypominasz nam o Twojej sta\u0142ej opiece nad nami. Jeste\u015bmy \u015bwiadomi niepewno\u015bci jutra oraz naszych s\u0142abo\u015bci. Dlatego pragniemy jeszcze mocniej przylgn\u0105\u0107 do Twojego Matczynego Serca i by\u0107 wiernymi s\u0142ugami Twojego Syna.<br><br><\/p>\n\n\n\n<p class=\"has-medium-font-size\"><strong><u>Wezwania (wierni).<\/u><\/strong><\/p>\n\n\n\n<p class=\"has-medium-font-size\">&#8211; w bezmiarze naszych s\u0142abo\u015bci, wstawiaj si\u0119 za nami!<\/p>\n\n\n\n<p class=\"has-medium-font-size\">&#8211; w niebezpiecze\u0144stwie ulegania s\u0142abo\u015bciom i grzechom, wstawiaj si\u0119 za nami!<\/p>\n\n\n\n<p class=\"has-medium-font-size\">&#8211; w gdy czujemy si\u0119 zagro\u017ceni trudem \u017cycia, wstawiaj si\u0119 za nami!<\/p>\n\n\n\n<p class=\"has-medium-font-size\">&#8211; gdy tracimy naszych bliskich i przyjaci\u00f3\u0142, wstawiaj si\u0119 za nami!<\/p>\n\n\n\n<p class=\"has-medium-font-size\">&#8211; gdy staniemy przed Trybuna\u0142em Boga, wstawiaj si\u0119 za nami!<\/p>\n\n\n\n<p class=\"has-medium-font-size\">&#8211; w kryzysie powo\u0142a\u0144 kap\u0142a\u0144skich i zakonnych, wstawiaj si\u0119 za nami!<\/p>\n\n\n\n<p class=\"has-medium-font-size\">&#8211; gdy wok\u00f3\u0142 niepewno\u015b\u0107, niepok\u00f3j, choroby i nieszcz\u0119\u015bcia, wstawiaj si\u0119 za nami!<\/p>\n\n\n\n<p class=\"has-medium-font-size\"><strong>(Kap\u0142an) Ofiarowanie si\u0119 Matce Bo\u017cej D\u0119bskiej<\/strong><\/p>\n\n\n\n<p class=\"has-medium-font-size\">O Matko moja, Matko dobroci i mi\u0142osierdzia! Kochamy Ci\u0119 bezgranicznie i ofiarujemy si\u0119 Tobie. Przez Twoj\u0105 dobro\u0107 i mi\u0142o\u015b\u0107, prosimy ratuj nas. Pragniemy by\u0107 Twoimi. Kochamy Ci\u0119 niezmiernie i prosimy, by\u015b otacza\u0142a nas swoj\u0105 opiek\u0105. Ca\u0142ym sercem prosimy Ci\u0119, Matko dobroci, obdarz na Twoj\u0105 dobroci\u0105, by\u015bmy przez ni\u0105 zas\u0142u\u017cyli na niebo. Prosimy Ci\u0119, przez Twoj\u0105 bezgraniczn\u0105 mi\u0142o\u015b\u0107, pom\u00f3\u017c nam kocha\u0107 ka\u017cdego cz\u0142owieka tak, jak Ty kocha\u0142a\u015b Jezusa Chrystusa.<\/p>\n\n\n\n<p class=\"has-medium-font-size\">Prosimy Ci\u0119 r\u00f3wnie\u017c o \u0142ask\u0119, by\u015bmy zawsze mogli by\u0107 wierni Tobie. Ofiarujemy si\u0119 Tobie i prosimy, aby\u015b by\u0142a obecna w naszych rodzinach, parafii i Ojczy\u017anie, bo jeste\u015b pe\u0142na \u0142aski. Prosimy Ci\u0119 Matko Boga i Matko nasza wyjednaj nam u Boga wiar\u0119 mocn\u0105, ufno\u015b\u0107 niez\u0142omn\u0105 i mi\u0142o\u015b\u0107 gor\u0105c\u0105. Spraw, aby\u015bmy zjednoczeni z Twoim Synem umieli wytrwale kroczy\u0107 drog\u0105 zabawienia i pokrzepieni S\u0142owem Bo\u017cym i Cia\u0142em Pa\u0144skim wzrastali w chrze\u015bcija\u0144skim \u017cyciu. Amen.<\/p>\n\n\n\n<p class=\"has-medium-font-size\"><strong>Kap\u0142an.<\/strong> M\u00f3dl si\u0119 za nami Matko nasza D\u0119bska,<\/p>\n\n\n\n<p class=\"has-medium-font-size\"><strong>Wierni.<\/strong> Aby\u015bmy si\u0119 stali godnymi obietnic Chrystusowych.<\/p>\n\n\n\n<p class=\"has-medium-font-size\">Pod Twoj\u0105 obron\u0119 \u2026<\/p>\n\n\n\n<p class=\"has-medium-font-size\"><strong>Pie\u015b\u0144 na B\u0142ogos\u0142awie\u0144stwo Naj\u015bwi\u0119tszym Sakramentem<\/strong><\/p>\n","protected":false},"excerpt":{"rendered":"<p>NOWENNA DO MATKI BO\u017bEJ D\u0118BSKIEJ \u2013 WYCHOWACZYNI I OPIEKUNKI (\u015broda, godz. 18.00). Pie\u015b\u0144 na wystawienie Naj\u015bwi\u0119tszego Sakramentu Wprowadzenie (Kap\u0142an). Wszechmog\u0105cy i mi\u0142osierny Bo\u017ce! Dzi\u0119ki Ci sk\u0142adamy, \u017ce da\u0142e\u015b nam w Naj\u0142askawszej i Najlito\u015bciwszej Matce przedziwn\u0105 moc i obron\u0119, a Jej znak w Cudownym Obrazie D\u0119bskim ws\u0142awi\u0142e\u015b wielowiekow\u0105 czci\u0105 wiernych. Spraw \u0142askawie, by\u015bmy poddaj\u0105c si\u0119 woli &#8230; <span class=\"more\"><a class=\"more-link\" href=\"https:\/\/parafiadebe.com.pl\/?page_id=224\">[Read more&#8230;]<\/a><\/span><\/p>\n","protected":false},"author":1,"featured_media":0,"parent":0,"menu_order":0,"comment_status":"closed","ping_status":"closed","template":"page-full-width.php","meta":{"footnotes":""},"class_list":["entry","page","publish","author-admin","post-224"],"_links":{"self":[{"href":"https:\/\/parafiadebe.com.pl\/index.php?rest_route=\/wp\/v2\/pages\/224","targetHints":{"allow":["GET"]}}],"collection":[{"href":"https:\/\/parafiadebe.com.pl\/index.php?rest_route=\/wp\/v2\/pages"}],"about":[{"href":"https:\/\/parafiadebe.com.pl\/index.php?rest_route=\/wp\/v2\/types\/page"}],"author":[{"embeddable":true,"href":"https:\/\/parafiadebe.com.pl\/index.php?rest_route=\/wp\/v2\/users\/1"}],"replies":[{"embeddable":true,"href":"https:\/\/parafiadebe.com.pl\/index.php?rest_route=%2Fwp%2Fv2%2Fcomments&post=224"}],"version-history":[{"count":2,"href":"https:\/\/parafiadebe.com.pl\/index.php?rest_route=\/wp\/v2\/pages\/224\/revisions"}],"predecessor-version":[{"id":228,"href":"https:\/\/parafiadebe.com.pl\/index.php?rest_route=\/wp\/v2\/pages\/224\/revisions\/228"}],"wp:attachment":[{"href":"https:\/\/parafiadebe.com.pl\/index.php?rest_route=%2Fwp%2Fv2%2Fmedia&parent=224"}],"curies":[{"name":"wp","href":"https:\/\/api.w.org\/{rel}","templated":true}]}}